{"id":95,"date":"2022-08-01T10:36:44","date_gmt":"2022-08-01T10:36:44","guid":{"rendered":"https:\/\/obenrot.com\/?page_id=95"},"modified":"2022-08-01T10:36:45","modified_gmt":"2022-08-01T10:36:45","slug":"about-me","status":"publish","type":"page","link":"https:\/\/obenrot.com\/index.php\/about-me\/","title":{"rendered":"About Me"},"content":{"rendered":"\n<div class=\"wp-block-media-text alignwide is-stacked-on-mobile\"><figure class=\"wp-block-media-text__media\"><img loading=\"lazy\" decoding=\"async\" width=\"1024\" height=\"1024\" src=\"https:\/\/obenrot.com\/wp-content\/uploads\/2021\/07\/20181017_105839-1024x1024.jpg\" alt=\"\" class=\"wp-image-57 size-full\" srcset=\"https:\/\/obenrot.com\/wp-content\/uploads\/2021\/07\/20181017_105839.jpg 1024w, https:\/\/obenrot.com\/wp-content\/uploads\/2021\/07\/20181017_105839-300x300.jpg 300w, https:\/\/obenrot.com\/wp-content\/uploads\/2021\/07\/20181017_105839-150x150.jpg 150w, https:\/\/obenrot.com\/wp-content\/uploads\/2021\/07\/20181017_105839-768x768.jpg 768w, https:\/\/obenrot.com\/wp-content\/uploads\/2021\/07\/20181017_105839-100x100.jpg 100w\" sizes=\"auto, (max-width: 1024px) 100vw, 1024px\" \/><\/figure><div class=\"wp-block-media-text__content\">\n<p class=\"has-small-font-size\">Hall\u00f6chen,<\/p>\n\n\n\n<p class=\"has-small-font-size\">ich bin Julia und habe K\u00fcrbisse in der Hand. Ja ganz richtig, ich liebe K\u00fcrbisse, deswegen sind sie ja auch auf dem Bild.<\/p>\n\n\n\n<p class=\"has-small-font-size\">Diese Website ist noch am Entstehen, ich wei\u00df ihr alle k\u00f6nnt es gar nicht mehr erwarten, aber ich muss jetzt erstmal Sachen machen.<\/p>\n\n\n\n<p class=\"has-small-font-size\">Also hier, auf der Website, Sachen machen um Sachen zu verstehen und Sachen zu \u00e4ndern.<\/p>\n\n\n\n<p class=\"has-small-font-size\">Tsch\u00fcsschen \ud83d\ude42<\/p>\n<\/div><\/div>\n","protected":false},"excerpt":{"rendered":"<p>Hall\u00f6chen, ich bin Julia und habe K\u00fcrbisse in der Hand. Ja ganz richtig, ich liebe K\u00fcrbisse, deswegen sind sie ja auch auf dem Bild. Diese Website ist noch am Entstehen, ich wei\u00df ihr alle k\u00f6nnt es gar nicht mehr erwarten, aber ich muss jetzt erstmal Sachen machen. Also hier, auf der Website, Sachen machen um&hellip;&nbsp;<a href=\"https:\/\/obenrot.com\/index.php\/about-me\/\" class=\"\" rel=\"bookmark\">Weiterlesen &raquo;<span class=\"screen-reader-text\">About Me<\/span><\/a><\/p>\n","protected":false},"author":1,"featured_media":0,"parent":0,"menu_order":0,"comment_status":"closed","ping_status":"closed","template":"","meta":{"neve_meta_sidebar":"","neve_meta_container":"","neve_meta_enable_content_width":"","neve_meta_content_width":0,"neve_meta_title_alignment":"","neve_meta_author_avatar":"","neve_post_elements_order":"","neve_meta_disable_header":"","neve_meta_disable_footer":"","neve_meta_disable_title":"","footnotes":""},"class_list":["post-95","page","type-page","status-publish","hentry"],"_links":{"self":[{"href":"https:\/\/obenrot.com\/index.php\/wp-json\/wp\/v2\/pages\/95","targetHints":{"allow":["GET"]}}],"collection":[{"href":"https:\/\/obenrot.com\/index.php\/wp-json\/wp\/v2\/pages"}],"about":[{"href":"https:\/\/obenrot.com\/index.php\/wp-json\/wp\/v2\/types\/page"}],"author":[{"embeddable":true,"href":"https:\/\/obenrot.com\/index.php\/wp-json\/wp\/v2\/users\/1"}],"replies":[{"embeddable":true,"href":"https:\/\/obenrot.com\/index.php\/wp-json\/wp\/v2\/comments?post=95"}],"version-history":[{"count":2,"href":"https:\/\/obenrot.com\/index.php\/wp-json\/wp\/v2\/pages\/95\/revisions"}],"predecessor-version":[{"id":98,"href":"https:\/\/obenrot.com\/index.php\/wp-json\/wp\/v2\/pages\/95\/revisions\/98"}],"wp:attachment":[{"href":"https:\/\/obenrot.com\/index.php\/wp-json\/wp\/v2\/media?parent=95"}],"curies":[{"name":"wp","href":"https:\/\/api.w.org\/{rel}","templated":true}]}}